 84 divide 8148?
True
Is 31 a factor of 3007?
True
Is 3762 a multiple of 19?
True
Does 55 divide 14045?
False
Is 15 a factor of 572?
False
Does 15 divide 960?
True
Is 17 a factor of 5950?
True
Does 80 divide 9316?
False
Is 40 a factor of 640?
True
Is 14 a factor of 1848?
True
Does 19 divide 251?
False
Is 21 a factor of 32655?
True
Does 234 divide 32058?
True
Does 116 divide 348?
True
Is 5 a factor of 1170?
True
Is 1568 a multiple of 12?
False
Is 379 a multiple of 10?
False
Does 11 divide 5414?
False
Does 90 divide 962?
False
Is 81 a factor of 15714?
True
Does 93 divide 6696?
True
Does 11 divide 29731?
False
Does 13 divide 10940?
False
Is 1833 a multiple of 47?
True
Is 60 a factor of 25260?
True
Does 4 divide 138?
False
Does 49 divide 22107?
False
Does 34 divide 2099?
False
Does 26 divide 30669?
False
Is 73 a factor of 12598?
False
Is 151 a factor of 27137?
False
Does 9 divide 3012?
False
Does 69 divide 25047?
True
Is 38866 a multiple of 6?
False
Is 15246 a multiple of 21?
True
Does 2 divide 301?
False
Does 16 divide 128?
True
Does 3 divide 295?
False
Is 2508 a multiple of 38?
True
Is 32148 a multiple of 57?
True
Does 102 divide 2526?
False
Is 39 a factor of 3039?
False
Does 6 divide 25880?
False
Does 45 divide 67635?
True
Does 11 divide 1234?
False
Is 1079 a multiple of 17?
False
Is 300 a multiple of 7?
False
Is 29 a factor of 783?
True
Is 69 a factor of 4899?
True
Is 116 a multiple of 58?
True
Is 8100 a multiple of 18?
True
Does 11 divide 54?
False
Does 74 divide 16872?
True
Is 176 a factor of 36080?
True
Is 14 a factor of 1218?
True
Is 23603 a multiple of 10?
False
Is 252 a multiple of 28?
True
Does 19 divide 92834?
True
Is 38 a factor of 1520?
True
Is 57 a factor of 83973?
False
Is 23 a factor of 989?
True
Is 1184 a multiple of 16?
True
Is 23 a factor of 22574?
False
Is 38651 a multiple of 99?
False
Is 2211 a multiple of 60?
False
Does 10 divide 3882?
False
Does 59 divide 1180?
True
Does 41 divide 2624?
True
Does 19 divide 1370?
False
Is 2150 a multiple of 43?
True
Does 29 divide 395?
False
Is 139 a multiple of 17?
False
Is 20 a factor of 8247?
False
Is 2088 a multiple of 72?
True
Is 1296 a multiple of 16?
True
Is 37 a factor of 518?
True
Does 7 divide 9135?
True
Is 92 a factor of 23297?
False
Is 1496 a multiple of 34?
True
Is 3 a factor of 3626?
False
Is 10 a factor of 12609?
False
Is 46 a factor of 1050?
False
Is 21 even?
False
Is 2745 a multiple of 61?
True
Is 640 a multiple of 10?
True
Does 36 divide 1053?
False
Is 5448 a multiple of 8?
True
Is 22476 a multiple of 12?
True
Does 12 divide 480?
True
Is 33 a factor of 858?
True
Does 14 divide 1564?
False
Does 15 divide 19307?
False
Does 22 divide 26037?
False
Is 14 a factor of 136626?
True
Is 9 a factor of 414?
True
Is 20 a factor of 1938?
False
Is 1265 a multiple of 23?
True
Is 16 a factor of 1104?
True
Is 128 a factor of 42240?
True
Is 44 a factor of 836?
True
Is 8 a factor of 81168?
True
Is 35 a factor of 1120?
True
Is 552 a multiple of 46?
True
Is 44374 a multiple of 22?
True
Is 7 a factor of 5985?
True
Does 7 divide 3073?
True
Is 5570 a multiple of 105?
False
Is 91366 a multiple of 158?
False
Is 14672 a multiple of 16?
True
Does 9 divide 1496?
False
Is 544 a multiple of 32?
True
Does 50 divide 8450?
True
Is 5 a factor of 50?
True
Is 73 a multiple of 4?
False
Is 26704 a multiple of 169?
False
Does 204 divide 13464?
True
Does 9 divide 2137?
False
Is 40121 a multiple of 245?
False
Does 77 divide 7700?
True
Does 17 divide 11815?
True
Is 85809 a multiple of 139?
False
Does 19 divide 40204?
True
Is 260 a factor of 2812?
False
Is 153 a multiple of 5?
False
Is 28 a factor of 3935?
False
Does 109 divide 1741?
False
Is 60636 a multiple of 51?
False
Is 50 a factor of 8776?
False
Is 8283 a multiple of 34?
False
Does 195 divide 2145?
True
Is 47 a factor of 6674?
True
Does 12 divide 89?
False
Does 72 divide 2747?
False
Is 10 a factor of 959?
False
Is 460 a multiple of 23?
True
Is 24904 a multiple of 22?
True
Does 10 divide 730?
True
Does 16 divide 2608?
True
Is 3684 a multiple of 16?
False
Does 31 divide 124?
True
Does 2 divide 51?
False
Is 19 a factor of 5282?
True
Does 73 divide 1786?
False
Is 12 a factor of 28296?
True
Does 11 divide 21169?
False
Is 4 a factor of 4097?
False
Is 6 a factor of 246?
True
Is 14944 a multiple of 32?
True
Is 198 a multiple of 18?
True
Is 3408 a multiple of 16?
True
Is 7 a factor of 800?
False
Is 15 a factor of 25331?
False
Does 38 divide 5773?
False
Is 20 a factor of 160?
True
Is 9537 a multiple of 17?
True
Is 10 even?
True
Is 31690 a multiple of 10?
True
Does 12 divide 28080?
True
Does 86 divide 7654?
True
Is 99358 a multiple of 37?
False
Is 16 a factor of 2848?
True
Is 2174 a multiple of 2?
True
Is 117 even?
False
Is 33 a factor of 609?
False
Does 34 divide 2945?
False
Is 2210 a multiple of 34?
True
Does 24 divide 5232?
True
Is 10 a factor of 81?
False
Does 57 divide 35967?
True
Is 84 a factor of 2100?
True
Does 20 divide 26786?
False
Does 21 divide 1323?
True
Does 6 divide 174?
True
Is 28 a factor of 1204?
True
Is 74 a factor of 22771?
False
Does 13 divide 312?
True
Does 93 divide 37944?
True
Is 15060 a multiple of 374?
False
Does 24 divide 1488?
True
Is 342 a multiple of 16?
False
Is 9064 a multiple of 19?
False
Is 67454 a multiple of 58?
True
Does 8 divide 12388?
False
Is 15843 a multiple of 121?
False
Is 3620 a multiple of 26?
False
Is 49 a factor of 9702?
True
Does 9 divide 252?
True
Is 4486 a multiple of 62?
False
Does 3 divide 642?
True
Does 8 divide 19242?
False
Is 6236 a multiple of 30?
False
Is 1924 a multiple of 13?
True
Is 12 a factor of 5604?
True
Is 15386 a multiple of 49?
True
Is 26 a factor of 32905?
False
Is 217 a factor of 19830?
False
Is 105 a multiple of 7?
True
Is 7 a factor of 275?
False
Is 35 a factor of 8295?
True
Does 17 divide 30991?
True
Is 24 a factor of 3120?
True
Is 17 a factor of 8245?
True
Is 5 a factor of 4226?
False
Does 13 divide 1664?
True
Is 52 a multiple of 26?
True
Does 7 divide 1736?
True
Is 2216 a multiple of 68?
False
Does 16 divide 304?
True
Does 17 divide 8143?
True
Is 1072 a multiple of 35?
False
Does 9 divide 63?
True
Is 78 a factor of 1088?
False
Is 3467 a multiple of 5?
False
Is 42 a factor of 361?
False
Is 8 a factor of 892?
False
Is 85 a factor of 9775?
True
Is 357 a multiple of 7?
True
Does 30 divide 180?
True
Does 87 divide 12789?
True
Is 21 a multiple of 7?
True
Does 58 divide 2378?
True
Is 1500 a multiple of 30?
True
Does 6 divide 16066?
False
Does 6 divide 20?
False
Is 75943 a multiple of 11?
False
Does 46 divide 3954?
False
Is 7529 a multiple of 12?
False
Is 7 a factor of 8633?
False
Does 10 divide 350?
True
Is 142 a multiple of 5?
False
Is 19728 a multiple of 65?
False
Is 14721 a multiple of 8?
False
Does 73 divide 498?
False
Does 57 divide 1427?
False
Is 63024 a multiple of 12?
True
Does 163 divide 11084?
True
Is 68 a factor of 1088?
True
Is 10 a factor of 217?
False
Is 4908 a multiple of 12?
True
Is 715 a multiple of 5?
True
Does 25 divide 19232?
False
Is 11 a factor of 374?
True
Is 31899 a multiple of 7?
True
Is 9 a factor of 250?
False
Is 28 a factor of 1764?
True
Does 86 divide 1555?
False
Does 6 divide 305?
False
Does 32 divide 80045?
False
Is 51 a factor of 8007?
True
Does 21 divide 1176?
True
Does 28 divide 97?
False
Is 30479 a multiple of 35?
False
Does 8 divide 680?
True
Does 38 divide 4450?
False
Is 40 a factor of 2200?
True
Is 8307 a multiple of 9?
True
Is 61 a factor of 4114?
False
Is 37553 a multiple of 6?
False
Does 19 divide 1425?
True
Is 3 a factor of 76?
False
Does 10 divide 1322?
False
Is 15 a factor of 8829?
False
Does 20 divide 429?
False
Is 40850 a multiple of 90?
False
Is 33 a factor of 72326?
False
Does 29 divide 195?
False
Is 45 a factor of 10755?
True
Is 4 a factor of 2772?
True
Is 25 a factor of 755?
False
Is 57 a factor of 6192?
False
Does 74 divide 7331?
False
Is 34 a factor of 6426?
True
Is 6 a factor of 9181?
False
Does 128 divide 19584?
True
Is 841 a multiple of 29?
True
Does 4 divide 100?
True
Is 8 a factor of 15009?
False
Is 37 a factor of 341?
False
Is 2530 a multiple of 5?
True
Is 87 a factor of 13595?
False
Is 2399 a multiple of 59?
False
Is 824 a multiple of 28?
False
Is 7576 a multiple of 5?
False
Is 8 a factor of 408?
True
Is 45 a factor of 90?
True
Is 783 a multipl